778176?
7
What is the tens digit of 6795709?
0
What is the ten millions digit of 10614984?
1
What is the hundreds digit of 3495622?
6
What is the thousands digit of 397587?
7
What is the tens digit of 1368964?
6
What is the thousands digit of 270114?
0
What is the ten thousands digit of 161566?
6
What is the hundreds digit of 626688?
6
What is the thousands digit of 339196?
9
What is the millions digit of 25133834?
5
What is the ten thousands digit of 807991?
0
What is the millions digit of 1638786?
1
What is the ten thousands digit of 22120?
2
What is the tens digit of 326252?
5
What is the thousands digit of 341337?
1
What is the hundreds digit of 613962?
9
What is the millions digit of 13546525?
3
What is the tens digit of 9439749?
4
What is the hundred thousands digit of 9096304?
0
What is the tens digit of 115447?
4
What is the hundreds digit of 574667?
6
What is the units digit of 52820?
0
What is the thousands digit of 1294309?
4
What is the tens digit of 669440?
4
What is the ten thousands digit of 1236534?
3
What is the hundreds digit of 1146859?
8
What is the thousands digit of 338367?
8
What is the hundred thousands digit of 350314?
3
What is the ten thousands digit of 5473047?
7
What is the thousands digit of 1760157?
0
What is the tens digit of 1042399?
9
What is the hundreds digit of 1254259?
2
What is the units digit of 39324?
4
What is the units digit of 208299?
9
What is the units digit of 206837?
7
What is the units digit of 28166160?
0
What is the units digit of 8902171?
1
What is the hundreds digit of 435676?
6
What is the hundreds digit of 1634939?
9
What is the units digit of 6025987?
7
What is the tens digit of 162714?
1
What is the millions digit of 1431501?
1
What is the ten thousands digit of 4423508?
2
What is the hundred thousands digit of 11066907?
0
What is the tens digit of 241283?
8
What is the hundreds digit of 1672?
6
What is the units digit of 30937534?
4
What is the hundred thousands digit of 970502?
9
What is the hundreds digit of 5497578?
5
What is the hundreds digit of 1177365?
3
What is the hundreds digit of 11011939?
9
What is the millions digit of 10723351?
0
What is the millions digit of 13000543?
3
What is the thousands digit of 3711118?
1
What is the millions digit of 1478572?
1
What is the hundreds digit of 81663?
6
What is the hundred thousands digit of 686242?
6
What is the tens digit of 7896481?
8
What is the ten thousands digit of 385942?
8
What is the thousands digit of 68618?
8
What is the hundreds digit of 6803668?
6
What is the ten thousands digit of 139621?
3
What is the hundred thousands digit of 195754?
1
What is the tens digit of 1220054?
5
What is the hundreds digit of 258981?
9
What is the hundred thousands digit of 3792879?
7
What is the hundred thousands digit of 2216681?
2
What is the hundred thousands digit of 641160?
6
What is the thousands digit of 410954?
0
What is the tens digit of 33473?
7
What is the ten thousands digit of 629134?
2
What is the millions digit of 1465578?
1
What is the hundred thousands digit of 5881813?
8
What is the hundred thousands digit of 3966889?
9
What is the thousands digit of 7391090?
1
What is the thousands digit of 5710135?
0
What is the tens digit of 807172?
7
What is the units digit of 15788582?
2
What is the millions digit of 22888634?
2
What is the hundreds digit of 914290?
2
What is the thousands digit of 7201400?
1
What is the hundred thousands digit of 8612582?
6
What is the ten thousands digit of 176442?
7
What is the thousands digit of 1027448?
7
What is the thousands digit of 84500?
4
What is the units digit of 724044?
4
What is the hundred thousands digit of 452517?
4
What is the units digit of 1037017?
7
What is the hundreds digit of 675067?
0
What is the hundreds digit of 31485?
4
What is the tens digit of 4171436?
3
What is the thousands digit of 371294?
1
What is the ten thousands digit of 5728379?
2
What is the thousands digit of 7610617?
0
What is the ten thousands digit of 126508?
2
What is the ten thousands digit of 20606592?
0
What is the ten thousands digit of 197520?
9
What is the hundreds digit of 8602085?
0
What is the ten thousands digit of 334676?
3
What is the thousands digit of 15613?
5
What is the hundred thousands digit of 2958344?
9
What is the ten millions digit of 41632702?
4
What is the tens digit of 956813?
1
What is the ten thousands digit of 1263777?
6
What is the hundreds digit of 62069?
0
What is the tens digit of 996132?
3
What is the hundreds digit of 168896?
8
What is the thousands digit of 266807?
6
What is the tens digit of 18283?
8
What is the thousands digit of 3486247?
6
What is the tens digit of 1310194?
9
What is the ten thousands digit of 2788172?
8
What is the thousands digit of 20004385?
4
What is the ten thousands digit of 98857?
9
What is the hundred thousands digit of 155573?
1
What is the hundreds digit of 208088?
0
What is the tens digit of 7233766?
6
What is the tens digit of 2093879?
7
What is the thousands digit of 372707?
2
What is the hundreds digit of 27563691?
6
What is the millions digit of 3029509?
3
What is the ten thousands digit of 1882890?
8
What is the millions digit of 1431335?
1
What is the ten thousands digit of 272889?
7
What is the ten thousands digit of 287025?
8
What is the ten thousands digit of 194182?
9
What is the hundreds digit of 116880?
8
What is the hundred thousands digit of 2711722?
7
What is the units digit of 8660557?
7
What is the thousands digit of 17714724?
4
What is the thousands digit of 480825?
0
What is the tens digit of 1261617?
1
What is the hundreds digit of 113515?
5
What is the units digit of 8482948?
8
What is the units digit of 8099727?
7
What is the ten thousands digit of 658028?
5
What is the hundred thousands digit of 1929961?
9
What is the hundred thousands digit of 7107617?
1
What is the hundreds digit of 5532065?
0
What is the hundred thousands digit of 5833793?
8
What is the hundred thousands digit of 987522?
9
What is the units digit of 185167?
7
What is the hundreds digit of 50668?
6
What is the tens digit of 1916260?
6
What is the units digit of 51025?
5
What is the hundreds digit of 328177?
1
What is the units digit of 2124425?
5
What is the hundreds digit of 3612462?
4
What is the thousands digit of 24778548?
8
What is the thousands digit of 437186?
7
What is the tens digit of 17476556?
5
What is the tens digit of 138161?
6
What is the ten millions digit of 26583194?
2
What is the tens digit of 2661141?
4
What is the tens digit of 1519213?
1
What is the ten thousands digit of 134009?
3
What is the tens digit of 1065227?
2
What is the hundreds digit of 243515?
5
What is the units digit of 4834653?
3
What is the tens digit of 2722873?
7
What is the hundred thousands digit of 310733?
3
What is the hundred thousands digit of 1092629?
0
What is the tens digit of 1552930?
3
What is the millions digit of 3316104?
3
What is the ten thousands digit of 505605?
0
What is the ten millions digit of 21760075?
2
What is the ten thousands digit of 2199059?
9
What is the hundred thousands digit of 721029?
7
What is the ten thousands digit of 262617?
6
What is the tens digit of 34549626?
2
What is the hundreds digit of 311?
3
What is the thousands digit of 3000901?
0
What is the units digit of 15673464?
4
What is the hundred thousands digit of 346270?
3
What is the tens digit of 6469574?
7
What is the hundreds digit of 3071222?
2
What is the tens digit of 2343252?
5
What is the units digit of 34926094?
4
What is the hundred thousands digit of 2330488?
3
What is the millions digit of 9943573?
9
What is the ten thousands digit of 56046?
5
What is the hundred thousands digit of 959962?
9
What is the ten thousands digit of 559779?
5
What is the hundred thousands digit of 4858623?
8
What is the ten thousands digit of 275702?
7
What is the millions digit of 4672077?
4
What is the tens digit of 737414?
1
What is the units digit of 696822?
2
What is the ten thousands digit of 269869?
6
What is the tens digit of 1458075?
7
What is the hundred thousands digit of 262074?
2
What is the thousands digit of 13711170?
1
What is the hundreds digit of 8772729?
7
What is the thousands digit of 2586620?
6
What is the ten thousands digit of 64687?
6
What is the tens 